5)/(-1)*(-21)/(-35). Let q = m + -28. What is the units digit of q?
5
Let x(k) = k**3 + 14*k**2 + 9. Let n be x(-14). Suppose n*w = 8*w + 55. What is the units digit of w?
5
What is the tens digit of ((-705)/(-2))/(-1 + (-27)/(-18))?
0
Let w(b) = 1 + 2 + b**2 - b - 7. What is the tens digit of w(8)?
5
Let f(j) = -6*j**2 - 4*j - 15. Let l(q) = -5*q**2 - 4*q - 15. Let w(b) = 4*f(b) - 5*l(b). What is the hundreds digit of w(-14)?
1
Suppose 7 = -3*v + l, -5*v + 3*l + 0*l = 13. What is the tens digit of (-3)/(v/(148/3))?
7
Let q(i) = -615*i**3 + 3*i**2 + 2*i. What is the hundreds digit of q(-1)?
6
Let s = 7 + -9. Let o be (-66)/(-10) - s/5. Suppose 4*a = 2*p - o*p + 24, 0 = -4*p + 16. What is the units digit of a?
1
Let i = 15 + 205. Suppose -4*p = -4*k - i, -12 = -2*k - k. What is the units digit of p?
9
Suppose -b = 3*f - 0*b - 220, 56 = f - 4*b. What is the tens digit of f?
7
Suppose -21*y - 3*g - 3196 = -23*y, -4*y + 6348 = 5*g. What is the thousands digit of y?
1
Suppose 4*w - 28 = -8. Suppose -3*x - 36 = -w*x. Suppose -x = z - 4*z. What is the units digit of z?
6
Let v(q) = -3*q - 15. Let b be v(-6). Suppose 3*w = -b*w + 300. What is the units digit of w?
0
Let k(q) = -16*q - 6. Let y be k(-2). Suppose 5*l + 3*b - 148 - y = 0, -4*b = -2*l + 54. What is the tens digit of l?
3
Let g(j) = -2*j**2 + 10*j + 7. Let s(c) = -c**2 + 1. Let f(o) = g(o) - 3*s(o). Let n be (7/(-35) - (-1)/(-5))*25. What is the units digit of f(n)?
4
Let h be (-2)/7 - (-687)/(-21). What is the tens digit of (154/h)/((1/(-1))/24)?
1
Suppose -14 - 1 = -5*p. Let d(a) = 29*a**2 + 4*a. What is the units digit of d(p)?
3
Let w(u) = u**3 - 2*u**2 - 6*u + 4. Let j be w(4). Let s be ((-12)/(-9))/(2/j). Suppose 2*k - 3*f = -s*f + 28, -f - 12 = -4*k. What is the units digit of k?
4
Let h be 26/10 + (-16)/(-40) + 45. What is the units digit of 0 + 2/2 + h?
9
Suppose 69 = j + 2*r, -r + 345 = 2*j + 3*j. Suppose j = 10*h - 7*h. What is the units digit of h?
3
Let o(r) = 6*r**3 - 3*r**2 + 4*r. Let h(v) = -12*v**3 + 5*v**2 - 9*v - 1. Let j(u) = 2*h(u) + 5*o(u). What is the tens digit of j(2)?
3
Suppose 2*t + 4*b - 27 = -169, 0 = 3*t - 5*b + 224. Let h = t + 120. What is the tens digit of h?
4
Suppose -17*r = -6332 - 8356. What is the tens digit of r?
6
Let l be (-51)/(-9) - 8/12. Suppose 3*x + c + 5 = l*x, -5*x + 12 = -2*c. Suppose -x*z + 0 = -22. What is the tens digit of z?
1
Let a = -348 + 717. What is the hundreds digit of a?
3
Let h = -156 - -547. What is the tens digit of h?
9
Suppose -3*l = 2*l. Suppose -3*p + p = 2*h - 118, 77 = p - 5*h. What is the tens digit of (l + -1)/((-2)/p)?
3
Let c = -99 - -99. What is the units digit of (-1)/((1 + c)/(-1))?
1
Suppose 0 = 3*y + 2*y - 20. Suppose y*l + 630 = 7*l. Suppose 0 = -0*u + 5*u - l. What is the tens digit of u?
4
Suppose 34*o = -9*o + 25413. What is the hundreds digit of o?
5
Let j be ((-12)/5)/(12/(-80)). Suppose -5*q + o - 5*o - 36 = 0, -5*o - j = -q. What is the units digit of 14*-10*q/16?
5
Suppose -528 = -10*x + 22802. What is the hundreds digit of x?
3
Let g = -710 - -414. Let u = -182 - g. What is the tens digit of u?
1
Let n be ((-89)/(-4))/((-4)/(-16)). Let f = 250 - n. What is the tens digit of f?
6
Let l(c) be the first derivative of 103*c**3 - c - 31. What is the hundreds digit of l(-1)?
3
Suppose 0 = -4*n - n + 10595. What is the tens digit of n?
1
Let q = -102 + 67. Let u be (-6)/10 - (-14)/q. What is the units digit of (-28)/(u - 1) + -3?
1
Let p(i) = i**2 + 8*i + 10. Let r be p(-4). Let x = 35 + r. What is the tens digit of x?
2
Suppose -2*j + 8 + 4 = 0. Suppose -j*l = -2*l. Let y(k) = -k + 42. What is the tens digit of y(l)?
4
Let m(j) = -j**2 + 9*j + 7. Let k be m(9). Suppose 2*z - 9 = -2*c + k, -48 = -5*c - 3*z. Let p = c - -15. What is the tens digit of p?
2
Let l(w) = w**3 + 5*w**2 - 5*w + 9. Let v be l(-6). What is the tens digit of (87/4)/(v/8)?
5
Let h(t) = 18*t**2 - t + 2. What is the units digit of h(-4)?
4
Let h = 3268 + -841. What is the hundreds digit of h?
4
What is the hundreds digit of 932/(2/(-10)*1*-5)?
9
Suppose -4*p + j + 1343 = -648, -506 = -p + 3*j. What is the units digit of p?
7
Let o(f) = -3*f**3 - 9*f**2 + 3*f - 6. Let h(a) = -2*a**3 - 5*a**2 + 2*a - 3. Let x(g) = -7*h(g) + 4*o(g). What is the units digit of x(4)?
1
Let k = -2118 - -2669. What is the tens digit of k?
5
Suppose 3*j = 2*w + 2*w + 127, 59 = j + 2*w. Suppose -j = -6*i + 605. What is the hundreds digit of i?
1
Let y = 3277 - 1126. What is the hundreds digit of y?
1
Let d(u) = -u**3 - 8*u**2 + 27*u + 8. Suppose -3 = 5*i - 4*a + 36, 30 = -2*i - 2*a. What is the tens digit of d(i)?
7
Let f be (-2)/9*1 + 29/9. Let k(w) = 3*w**3 - 3*w**2 + 9*w - 5. What is the units digit of k(f)?
6
Let a(n) = 4*n**2 - n. Let u be a(1). Suppose 2*b + u*b + 245 = 0. Let z = b - -73. What is the units digit of z?
4
Suppose -4*v = -4*p + 16, 4*p + v = 3*p + 12. Suppose 3*t + 3*w = 18, p = 5*t - 3*w + 2. What is the tens digit of (2 + (2 - t))*11?
1
Suppose 0 = 4*n + 4*u - 16, 4*n - 19 = 4*u - 5*u. Let g(i) = i**3 - 8*i**2 + 16*i + 7. What is the units digit of g(n)?
2
Let f(v) = v**2 - 7*v + 7. Let x(d) = -d**2 + 13*d - 15. Let g(c) = 5*c - 4. Let z be g(3). Let l be x(z). What is the units digit of f(l)?
7
Suppose 5698 = 4*k - 5*u, 0 = 2*k - 6*k - 3*u + 5682. What is the thousands digit of k?
1
Suppose -1159 - 2594 = -9*h. Suppose 69 = -4*y + h. What is the tens digit of y?
8
Let a(i) = i + 19. Suppose -53 = -4*b + 5*n, -3*b + 34 = n - 1. What is the units digit of a(b)?
1
Let u(l) = 94*l - 27. What is the hundreds digit of u(6)?
5
Suppose -15 = x + u - 411, 5*u = 4*x - 1629. What is the units digit of x?
1
Suppose -18*w = -21*w + 4248. What is the units digit of w?
6
Suppose 392 = 4*k - 0*k. Let r = 192 - k. What is the tens digit of r?
9
Let b(v) = 14*v**3 + v**2 - v + 1. Let j be b(1). Suppose 0 = -3*g + j, -325 = -5*i - g - 4*g. What is the units digit of i?
0
Let c(y) = -y**3 + y**2 + 4*y - 1. Let s be c(-3). Let m be (-2 + -1 + 4)*s. Let w = 57 - m. What is the tens digit of w?
3
Suppose h = -0*h + 4. Let a(f) = f**2 - 4*f + 4. Let l be a(h). Suppose -3*s + 4*s - 3*v - 28 = 0, l*s - 67 = -3*v. What is the units digit of s?
9
Suppose -5*u = -11*u + 504. What is the units digit of u?
4
Let l(p) = p**3 - 19*p**2 - 12*p - 4. What is the units digit of l(21)?
6
Let w(k) = -84*k + 2. Suppose -3*n - 3*x = 2*n + 5, 0 = -n + 4*x - 1. What is the tens digit of w(n)?
8
Let s(b) = b + 1. Let q be s(3). Suppose 0 = -q*a - 0 - 156. Let y = 60 + a. What is the units digit of y?
1
Suppose 6*i - 3*i = -6. Let v(j) = -j + 4. Let k be v(i). Let p = k + 47. What is the units digit of p?
3
Suppose 3*u - 5*k = 9, 5*u - 5*k - 6 = 9. Suppose 26*w - 27 = 23*w. Suppose -u*l + w = t, t - 5*t - 5*l = -36. What is the units digit of t?
9
Let n = -4 - -6. Let x be n/4 - (-23)/2. Let j = x - 5. What is the units digit of j?
7
Suppose 4*p - 1582 = 1350. What is the units digit of p?
3
Let n(m) = 2*m**3 + 38*m**2 + 24*m - 11. What is the hundreds digit of n(-17)?
7
Let d(b) = b**3 + 14*b**2 + 5*b - 31. Let i(z) = z**3 + 7*z**2 - 2*z - 27. Let x be i(-7). What is the tens digit of d(x)?
7
Let z(j) = -2*j**3 + 28*j**2 - 28. What is the tens digit of z(13)?
1
Let j(l) = 39*l + 15. Let v be j(5). Suppose v = s + 4*s. What is the units digit of s?
2
Let z = 86 + -25. Let c = -8 + z. What is the tens digit of c?
5
Suppose r + 16 = 2*r. Let w = 62 + r. Let i = w + -33. What is the tens digit of i?
4
Let t(f) = -6*f - 10. Suppose 2*x - w = 34 + 29, -5*x + 147 = w. Suppose 3*r - 2*c + 12 = r, 0 = -5*r - 5*c - x. What is the tens digit of t(r)?
2
Suppose 3*w - 5*y - 849 = 0, 0 = -9*w + 5*w + 2*y + 1146. What is the units digit of w?
8
Let o = -8 - -10. Suppose -o*p - 4 = -3*p. Suppose 0*l + 4*l = p. What is the units digit of l?
1
Let x = 36 + -19. Let q(u) = -u**2 + 19*u + 14. Let w be q(x). Suppose 2*j - 5*r - 15 = w, 20 = -4*r. What is the tens digit of j?
1
Let w(a) = a**2 + 6*a + 12. What is the hundreds digit of w(8)?
1
What is the units digit of 30/90 + 10/6?
2
Suppose 5*s + 29 = b - 7, -68 = -3*b - 5*s. Let q be 6/4 + 169/b. Suppose -11*i + q*i = -48. What is the tens digit of i?
1
Suppose -2*b + 8920 = 4*d, -5*d - 2*b + 14005 = 2854. What is the hundreds digit of d?
2
Suppose